 be the first derivative of -k**3/3 - 3*k**2 + 7*k + 4. Let y be l(-7). Suppose y*j = -3*j + 39. What are the prime factors of j?
13
Let j(s) = -10*s - 12. Suppose -i = 2*i - 12, -7 = 3*v + 2*i. Let y be j(v). Let q = y + -9. What are the prime factors of q?
29
Let p(w) = 2*w + 20. Let l(x) = -x - 22. Let u(r) = 5*l(r) + 6*p(r). Let y = -2 - -7. List the prime factors of u(y).
3, 5
Let t(d) = -433*d - 6. List the prime factors of t(-1).
7, 61
Let a = 1482 - 688. List the prime factors of a.
2, 397
Let o(m) = -m**3 + 9*m**2 + 16*m + 4. What are the prime factors of o(-7)?
2, 13
Let y(o) = -2*o**2 + 12*o - 6. Let u(a) = 2*a**2 - 11*a + 6. Let p(k) = 5*u(k) + 4*y(k). Let d be p(6). List the prime factors of (8/2)/(8/d).
2, 3
Let h = -404 + 566. What are the prime factors of h?
2, 3
Suppose 25*c = 31*c. Suppose c = 9*t - 1184 - 778. What are the prime factors of t?
2, 109
Let d(u) = u**2 + 6*u - 3. Suppose 3*x + 6 = 3*g, g - 2*x + 2 = -3*x. Suppose a - 23 = -5*v - 59, g = -a - 1. List the prime factors of d(v).
2
What are the prime factors of -4*(-5)/(-15)*1416/(-2)?
2, 59
Let k(y) = -y**3 + 39*y**2 - 17*y + 20. What are the prime factors of k(37)?
2129
Let m be ((-36)/30)/((-4)/10). Suppose n + s + 0*s = 2, 6 = m*n + 2*s. Suppose -d = n*d - 9. List the prime factors of d.
3
Let v = 13997 - 8863. List the prime factors of v.
2, 17, 151
Let n(b) = 143*b + 154. List the prime factors of n(19).
3, 11, 29
Suppose -n - 4*n = 0. Suppose -5 = -o, -3*y = -n*o + o - 170. What are the prime factors of y?
5, 11
Let f = 90 - 136. Suppose 5*o - 2*g = 355, -4*o + 0*g - 4*g + 284 = 0. Let v = o + f. List the prime factors of v.
5
Let h = 8 + -5. Suppose -2*s + 370 = 4*y, -366 = -4*y - h*s + 5*s. Suppose 0*q + 4*q + 5*r = y, -3*q = 5*r - 69. What are the prime factors of q?
23
List the prime factors of (-2)/(-10) - 3/((-75)/145570).
3, 647
Let q = -6 + 9. Suppose -q = 2*n - 9. List the prime factors of (n + 1)/((-7)/(-35)).
2, 5
Let h = -53 + 103. Suppose -y + h = 4*t, 4*t = y + y - 136. List the prime factors of y.
2, 31
Suppose 257 = -3*z - 5*o, z + o + o + 85 = 0. Let w = z - -219. List the prime factors of w.
2, 5, 13
Let o(j) = 6*j - 52. Let s be o(16). Let v = s + -38. What are the prime factors of v?
2, 3
Let w(c) = -9*c + 3. Let y be w(1). What are the prime factors of y/(-4)*4672/48?
2, 73
Suppose -1 + 2 = y. Let r be (12/18)/(y/96). Suppose -2*x = -0*x - r. List the prime factors of x.
2
What are the prime factors of (-20)/(300/(-31035)) - (0 + -6)?
5, 83
Let i(c) = 11*c**2 + 54*c - 37. Let n(l) = 6*l**2 + 27*l - 19. Let g(x) = 4*i(x) - 7*n(x). What are the prime factors of g(-16)?
5, 13
Suppose -3*k - 6 = -5*k. Suppose -8*b + 48 = a - 3*b, 0 = k*a + b - 200. List the prime factors of a.
2, 17
Suppose 2*u = 2*g - 6, -2*u - 2 = -6. Suppose 3 = g*r - 7, -2*m = r - 8. Suppose 92 = 2*d - 5*z, -4*z + 46 = 4*d - m*d. List the prime factors of d.
2, 23
Let x(y) = 4*y**2 + 2*y + 7. Let n(t) = t**2 + 3*t - 4. Suppose 5*w - 5 = 5*i, i + 2*w + 0*w = -7. Let h be n(i). What are the prime factors of x(h)?
3, 7
Let c = 12 - 24. What are the prime factors of (1/(-3))/(c/1476)?
41
Let b(s) = -2*s + 19. Let k be b(6). Let f = 6 - -3. Let z = k + f. What are the prime factors of z?
2
Let l be (-2)/(4/30*-3). Let q(r) = r + 1. Let v(g) = -8*g - 3. Let t(c) = l*q(c) + v(c). List the prime factors of t(-8).
2, 13
Let z(w) = -w**2 + 8*w + 4. Let f be z(8). Suppose -4*p = -p - u - 71, -46 = -3*p - f*u. What are the prime factors of p?
2, 11
Let p(l) = 6*l**2 - 12*l + 63. List the prime factors of p(6).
3, 23
Let b(w) = w**3 - 6*w**2 - 7*w - 6. Let i be b(7). Let q(g) = 8*g**2 + 12*g - 8. Let m be q(i). Suppose 0*j - m = -4*j. List the prime factors of j.
2, 13
What are the prime factors of 22/7*56*(-14)/(-224)?
11
Let n(b) = 12*b + 7. Let x be n(8). Suppose -d + x + 38 = 0. List the prime factors of d.
3, 47
Let g(j) = 23*j**2 + 10*j - 8. Let q be g(6). Suppose 3*v - 11*v = -q. List the prime factors of v.
2, 5, 11
Suppose 18*a + 6378 = 21*a. List the prime factors of a.
2, 1063
Let s = 33 - 29. Suppose 5*r - 309 = -4*v + 352, 512 = s*r - v. What are the prime factors of r?
3, 43
Suppose -a - 6 = -y - 6*a, 4*y - a = 45. Suppose -y - 1 = -f. Let s = f + 4. What are the prime factors of s?
2
Let b(h) = 57*h + 19. List the prime factors of b(1).
2, 19
Let y be 39/(-4)*(-32)/12. Suppose -y = -2*t - 2*n + 58, -2*t + 5*n = -119. What are the prime factors of t?
47
Let s(b) = -b**3 + 7*b**2 - 4*b - 2. Let n be s(4). Let d = n + -7. List the prime factors of d.
23
Suppose -874 = -3*k + 5*y, -3*y = -5*k + 2163 - 701. List the prime factors of k.
293
Let k = 21 - 11. Let w = 27 - k. Let j = 1 + w. List the prime factors of j.
2, 3
Let q(t) = t**3 - 2*t + 114. Let f be q(0). Suppose 5*o + f + 336 = 0. List the prime factors of (-13 + 15)*o/(-4).
3, 5
Let f(s) = s**2 + 10*s + 30. Let j be f(-5). Suppose -3*r = -j*r + 508. List the prime factors of r.
2, 127
Let p = -68 + 106. Let v = p - 15. List the prime factors of v.
23
Let j(m) = -837*m + 25. List the prime factors of j(-1).
2, 431
Suppose 12 = o + 3*o. Let x = -41 + o. What are the prime factors of x/(-5)*(-15)/(-6)?
19
What are the prime factors of (-16 + -84)/(1/(-22))?
2, 5, 11
Suppose -4*g + 11 = -5. Suppose -g*z + 17 = 5*c, c + 2*z = 7*z - 14. Let f(d) = 51*d**3 - d**2 + 3*d - 2. What are the prime factors of f(c)?
3, 17
Suppose -78 = -2*i - 3*u, -3*i = -0*i - 5*u - 98. Let f be (-88)/3*(-81)/i. Suppose -2*l + f = l. What are the prime factors of l?
2, 11
Let k = -7 - -32. Let x = 45 + k. What are the prime factors of x?
2, 5, 7
Let i(w) = -w**2 - 12*w - 22. Let a be i(-9). Suppose 8*g = a*g + 183. List the prime factors of g.
61
Let m(z) = -7*z + 3. Let x(l) = 8*l - 4. Let v(d) = 5*m(d) + 4*x(d). What are the prime factors of v(-26)?
7, 11
Let t be 3/2 + 27/(-2). Let j = 4 - t. List the prime factors of (24/j)/((-6)/(-28)).
7
Let u(x) = 68*x - 45. What are the prime factors of u(8)?
499
Suppose -10920 - 39624 = -18*h. What are the prime factors of h?
2, 3, 13
Let x = -340 + 671. Suppose -5*u + x = -554. Let d = -112 + u. What are the prime factors of d?
5, 13
Let f(d) = 9*d**3 - 2*d - 3. Let i be f(-2). Let g = i + 122. What are the prime factors of g?
3, 17
Suppose 6*u - 16 = -2*u. List the prime factors of u/8 + 2/(8/539).
3, 5
Suppose -4*l = -2*z + z - 25, 0 = -4*l - 4*z + 20. Let m be 3/((-9)/l + 3). What are the prime factors of m + 0 - 10/(-5)?
2
Let o = 2416 - 337. List the prime factors of o.
3, 7, 11
Suppose m - 5*b = -0 - 81, 5*b = -15. Let i = 149 + m. What are the prime factors of i?
53
Let s(x) = 5*x + 84. Let p be s(31). Let q = -77 + p. List the prime factors of q.
2, 3
Let i be 2/(-5) - (-990)/(-25). Let u = i + 87. What are the prime factors of u?
47
Suppose 0*g = 4*z - g - 20, 0 = 5*z + 3*g - 25. Suppose 2*m - 27 = r, -2*r + 12 = -3*m + z*m. What are the prime factors of m?
11
Let w be 315/99 + (-4)/22. Suppose -a = -w*a. Suppose -5*g + 181 - 41 = a. List the prime factors of g.
2, 7
List the prime factors of 78326/26 + (-60)/(-130).
23, 131
Let u(n) = -5*n + 9. Let d(l) = l - 4. Let t(b) = 3*d(b) + u(b). Let p(y) = 3*y + 9. Let a be p(-6). List the prime factors of t(a).
3, 5
Suppose 5*f = 4*w - 78, 0 = 4*w - 2*f + 4*f - 92. Suppose w = 2*k - 4*m, -4*m = -k + 16 + 3. Suppose -38 - 34 = -k*b. What are the prime factors of b?
2, 3
Suppose 2*p = 2, a = 3*p + 590 + 772. List the prime factors of a.
3, 5, 7, 13
Let c = 787 + -472. Suppose -5*q - 35 + c = 0. What are the prime factors of q?
2, 7
Let d be 9*28/(-18)*-42. Let l be 8/10 + d/15. Suppose u + s = -0*s + l, 112 = 3*u - s. What are the prime factors of u?
2, 19
Let i be 114/(-9) + 4/6. Suppose -q + 139 + 53 = 0. What are the prime factors of ((-8)/i)/(4/q)?
2
Let a(j) = -64*j - 40. List the prime factors of a(-22).
2, 3, 19
Let f = 14 + -20. Let m(k) = -k**3 - 5*k**2 - 10*k - 9. Let b be m(f). Suppose 9 = -3*l + b. What are the prime factors of l?
2, 13
Suppose -16*x = 3727 - 19791. List the prime factors of x.
2, 251
Let k(l) = l**3 - 6*l**2 + 2. Let f be k(6). Let p(t) = t**2 + 5. Let h be p(0). List the prime factors of 30/20 + h/f.
2
Suppose n + a = 2*a - 44, 0 = -5*n - 3*a - 196. Let o = n - -121. List the prime factors of o.
2, 5
Let g = -278 -